 t(-4). Let u = 25 - l. What is the remainder when u is divided by 12?
11
Let u(j) = -7*j. Let h be u(2). Suppose 13 = -2*b + 61. Let a = h + b. Calculate the remainder when 28 is divided by a.
8
Let p = 27 - 18. Calculate the remainder when 51 is divided by p.
6
Suppose -5*m - 4*g + 76 + 22 = 0, -2*g = 3*m - 58. Calculate the remainder when m is divided by 5.
3
Suppose -12*w + 288 = -10*w. What is the remainder when w is divided by 37?
33
Suppose 5*q = 3*q + 4*n + 14, 0 = 3*q - 2*n - 21. What is the remainder when 12 is divided by q?
5
Let x = -2 + 6. Let t = -1 - -7. What is the remainder when t is divided by x?
2
Calculate the remainder when 43/1 - (-12 - -14) is divided by 14.
13
Let c = 22 - 19. What is the remainder when c is divided by 2?
1
Let a be 0 + ((-4)/(-1) - 0). Suppose 6 = -a*d + 6*d. Suppose g + d*g = 64. What is the remainder when 47 is divided by g?
15
Let i(m) = -20*m - 104. Calculate the remainder when i(-6) is divided by 10.
6
Let q(r) = r**2 + 4*r + 11. What is the remainder when 62 is divided by q(-5)?
14
Let z(m) = 11*m + 11. Let p be z(-10). Let b = -65 - p. What is the remainder when b is divided by 9?
7
Suppose -3*g - 259 = -2*r + 135, 2*r = 2*g + 394. Let j = -139 + r. Suppose -6*l + l = -100. What is the remainder when j is divided by l?
18
Let d be -1*((-18)/2)/(-3). Let a(r) = -2*r**3 - 3*r + 1. What is the remainder when a(d) is divided by 22?
20
Let c(f) = f**2 + 3*f - 1. Calculate the remainder when c(-5) is divided by 2.
1
Let v = 88 - -5. Calculate the remainder when v is divided by 32.
29
Suppose 3*z - z - 30 = 0. Calculate the remainder when z is divided by 0 + 2 + 3*2.
7
Suppose -4*l + l = 0. Let b = 33 - l. Calculate the remainder when b is divided by 12.
9
Suppose -21 = 8*n - 125. Calculate the remainder when 50 is divided by n.
11
Suppose 3*v - 5*v + 10 = 0. Let f(o) = -o**2 + 86. Let g be f(0). Suppose 0 = 2*s + 4 - 0, -v*j + g = -3*s. What is the remainder when 31 is divided by j?
15
Let t(i) = i + 12. Let k be t(-10). What is the remainder when k/4 + 67/2 is divided by 12?
10
Let z(n) = -2*n**2 + 2*n - 3. Let r = 7 + -3. Let d be z(r). Let f = d + 70. What is the remainder when f is divided by 15?
13
Let x(m) = 13*m**3 + m. Calculate the remainder when x(2) is divided by 12.
10
Let m(d) = -d**2 - d + 8. Let z be m(0). Suppose z = 4*s - 8. Suppose 0*p + s*p = 3*a - 88, -2*a + 3*p = -60. Calculate the remainder when a is divided by 9.
6
Let a be 1/(-2) - 68/(-8). Calculate the remainder when (-1 - 0)/((-1)/16) is divided by (6/a)/(4/32).
4
Let t(z) = -16*z. Suppose 2*k + 6 = 0, 3*i + k = 7 + 2. Suppose -i*q = 3*s - 142, -s - 43 = -2*s + 3*q. What is the remainder when s is divided by t(-1)?
14
Let x(f) = f**2 - 3*f + 4. Let h(w) = w + 2. Let l be h(-4). Let c(n) = -3*n**3 - 3*n**2 + n + 2. Calculate the remainder when x(-3) is divided by c(l).
10
Let p(z) be the first derivative of -z**4/4 - 4*z**3/3 + 2*z**2 + 14*z - 7. What is the remainder when p(-6) is divided by 16?
14
Suppose 0 = -2*d + 4*q + 44, -5*d = -2*d - 5*q - 62. Calculate the remainder when d is divided by 6.
2
Calculate the remainder when 39 is divided by 20/(2 - 0 - 0).
9
Suppose 130 = 2*d - 4*t + t, -t + 173 = 3*d. Suppose -d - 37 = -3*r. Calculate the remainder when r is divided by ((-1)/2)/(1/(-22)).
10
Let o(x) = -x**3 - x**2 + x + 1. Let m(w) = -w**3 - 2*w - 1. Let s be m(-1). Let l be o(s). Calculate the remainder when 24 is divided by 78/l*(-3)/2.
11
Let w(m) = -m**2 - 7*m + 2. Let o = 1 + 1. Let f be (2/o - 1) + -5. What is the remainder when 35 is divided by w(f)?
11
Let c(o) = o**3 + o**2 + o + 63. What is the remainder when c(0) is divided by 17?
12
Suppose 0 = 4*u - m - 47, 5*u = u + 4*m + 32. Calculate the remainder when 25 is divided by u.
12
Suppose -y + 0*y + 3 = 0, m = 4*y - 15. Let b be ((-11)/4)/(m/(-12)). Let h = 19 + b. What is the remainder when 23 is divided by h?
7
Suppose 0 = -4*t - 2*i + 204, -2*t = -2*i - 46 - 68. Let z = 74 - t. Calculate the remainder when 61 is divided by z.
19
Suppose -h + 19 = 12. What is the remainder when 33 is divided by h?
5
Suppose -3*l + 4*u = -326 + 119, 5*u = 0. Calculate the remainder when l is divided by 24.
21
Suppose 0 = 4*f - 4, 5*f + 6 - 27 = 2*y. Let q = y + 11. Suppose -c + 0 = -q. What is the remainder when 10 is divided by c?
1
Suppose -4*q = -2*q - 8. Suppose -q*i + 39 = 3*d, 5*d + 3*i - 36 = 6*i. Calculate the remainder when 31 is divided by d - 4/(-2)*1.
9
Let q = -23 + 34. What is the remainder when 76 is divided by q?
10
Let i = 26 - 19. What is the remainder when 10 is divided by i?
3
Suppose 0 = -3*w - 5*n + 71, 5 - 44 = -2*w - 5*n. Calculate the remainder when w is divided by (-22)/6*6/(-2).
10
Let n be (-8 - 23)*(-2 - 0). Suppose 0 = a + 7 - n. What is the remainder when a is divided by 28?
27
Let u(d) = -d**3 - 10*d**2 + d + 4. What is the remainder when u(-11) is divided by 23?
22
Suppose x + 24 - 7 = -5*c, -5*x + 25 = 3*c. What is the remainder when 23 is divided by x?
7
Let h = 1 + 12. Suppose -2*g - 2*b = -52, 2*g + 9*b - 58 = 4*b. What is the remainder when g is divided by h?
11
Let v = -52 + 24. Let x = -1 - -10. What is the remainder when 5/(3 - v/(-10)) is divided by x?
7
Suppose -5*g = -0*g - 120. Suppose c - 3 = g. Calculate the remainder when c is divided by 14.
13
Suppose 0 = -y + 2*y - 6. Let i(c) = 2*c**2 + 3*c. Let f be i(-2). Calculate the remainder when (f + -3)/(1/(-23)) is divided by y.
5
Suppose 24*w = 31*w - 315. Calculate the remainder when w is divided by 16.
13
Let i = -22 - -38. What is the remainder when i is divided by 9?
7
Let v = 49 - 24. Suppose y + 2 = f - 5, 4*f = 2*y + 32. What is the remainder when v is divided by f?
7
Suppose 6 = 5*w + 51. Let p(r) = -r**3 - 10*r**2 - 13*r - 1. Calculate the remainder when p(w) is divided by 0/(-2) + 18*1.
17
Suppose 3*p = 3*j - 249, -2*j + 159 = 2*p + 3*p. Calculate the remainder when j is divided by 14.
12
Let j = -1 - -1. Suppose -27 = -4*d - 3*a, j = -2*d - 4*a + 6*a - 4. Calculate the remainder when (-9)/12 - (-69)/12 is divided by d.
2
Let g(t) = 2*t**2 - 2*t + 10. What is the remainder when 76 is divided by g(0)?
6
Let p = 7 + 11. What is the remainder when 35 is divided by p?
17
Suppose 2*f = 6 + 24. What is the remainder when 72 is divided by f?
12
Suppose 0 = -p + 4*p - 15. What is the remainder when p is divided by 3?
2
Let k = 376 - 147. What is the remainder when k is divided by 21?
19
Suppose 3*c - 9 = 0, n + 2*c - 16 = -6. Calculate the remainder when 1/(5 + -4)*7 is divided by n.
3
What is the remainder when 3/((-6)/(-66) - 0) is divided by 17?
16
Suppose -3*f + 2*f + 65 = -4*g, 4*f - 230 = g. What is the remainder when f is divided by 20?
17
Let w(h) = -7*h - 4. Calculate the remainder when w(-7) is divided by (2/4)/((-23)/(-1104)).
21
Suppose -r + 46 = 4*c + c, c = -r + 34. Calculate the remainder when 153 is divided by r.
29
Let c(x) = -x + 8. Let d be c(7). Suppose l - 5 + d = 0. What is the remainder when 11 is divided by l?
3
Suppose 0*n + 5*n = 170. Let f = n - 17. Suppose -2*p + 5*y + 56 = -0*y, -91 = -3*p + 4*y. What is the remainder when p is divided by f?
16
Suppose 2*t - 5*f = 29, t - 4*f + f = 13. Suppose 0 = w + 2*w - 4*u - 61, 84 = 4*w - 4*u. Calculate the remainder when -2*1*t/(-1) is divided by w.
21
Let z = -7 + 7. Let n = 1 + z. What is the remainder when 1 is divided by n?
0
Suppose -s = -4*s + 24. Let n = 31 - 1. What is the remainder when n is divided by s?
6
Let x(c) = 3*c**2 - 12*c - 5. Calculate the remainder when x(6) is divided by 17.
14
Suppose 2*g - 20 = -2*g. What is the remainder when 6/(3 + -1 - 1) is divided by g?
1
Suppose 0 = 3*o + 3*h + 66, 5*o + 101 = -h - h. Let s = -4 - o. What is the remainder when 43 is divided by s?
13
Let s be (-2)/1 + 32/4. Suppose v - s*v + 85 = 0. Calculate the remainder when 67 is divided by v.
16
Let k(q) = -q**3 - 3*q**2 + 4*q + 2. Calculate the remainder when 2 is divided by k(-4).
0
Calculate the remainder when 0 - 204/(-8) - 2/(-4) is divided by 8.
2
Let h(g) = -2*g + 10. Suppose -7 - 35 = -3*t. What is the remainder when h(-8) is divided by t?
12
Suppose 0 = -3*c + 3*k + 63, 3*c - 49 = -k + 10. Suppose -2*v = -4*v + 14. What is the remainder when c is divided by v?
6
Let k(w) = -w**3 + 5*w**2 - 2*w - 1